08.
16
What is the highest common factor of 2646 and 462?
42
What is the highest common divisor of 672 and 882?
42
What is the highest common divisor of 440 and 108?
4
What is the greatest common factor of 444 and 518?
74
Calculate the highest common factor of 124 and 1550.
62
Calculate the greatest common divisor of 14 and 567.
7
Calculate the highest common factor of 4 and 1532.
4
What is the greatest common factor of 10 and 1210?
10
What is the greatest common divisor of 2436 and 12?
12
Calculate the highest common divisor of 2583 and 42.
21
Calculate the highest common divisor of 297 and 1298.
11
Calculate the highest common divisor of 40 and 1320.
40
Calculate the highest common divisor of 56394 and 13.
13
Calculate the greatest common factor of 80 and 8.
8
Calculate the highest common divisor of 440 and 120.
40
Calculate the highest common factor of 62 and 6789.
31
What is the highest common factor of 45 and 27?
9
Calculate the greatest common factor of 2282 and 56.
14
Calculate the greatest common factor of 9024 and 1410.
282
Calculate the greatest common divisor of 2080 and 650.
130
Calculate the greatest common divisor of 1132 and 8.
4
What is the greatest common divisor of 8535 and 15?
15
Calculate the greatest common factor of 2101 and 176.
11
Calculate the greatest common factor of 3740 and 132.
44
Calculate the highest common divisor of 6 and 498.
6
What is the highest common divisor of 25420 and 492?
164
What is the highest common divisor of 451 and 328?
41
Calculate the greatest common factor of 142 and 3550.
142
Calculate the highest common divisor of 160 and 1376.
32
What is the greatest common divisor of 360 and 150?
30
Calculate the highest common factor of 516 and 108.
12
Calculate the greatest common divisor of 57 and 627.
57
What is the highest common factor of 384 and 264?
24
What is the greatest common factor of 425 and 1717?
17
What is the highest common factor of 145 and 12035?
145
Calculate the greatest common divisor of 908 and 12.
4
What is the highest common divisor of 75 and 1815?
15
What is the greatest common divisor of 24 and 688?
8
Calculate the highest common factor of 96 and 12.
12
What is the highest common factor of 40 and 160?
40
Calculate the highest common divisor of 50 and 10.
10
Calculate the highest common divisor of 1386 and 144.
18
Calculate the highest common factor of 36 and 198.
18
Calculate the highest common factor of 72 and 4.
4
What is the highest common factor of 4270 and 70?
70
What is the greatest common divisor of 238 and 154?
14
Calculate the greatest common factor of 18 and 4311.
9
Calculate the highest common divisor of 129 and 6063.
129
What is the highest common divisor of 12 and 68?
4
Calculate the highest common divisor of 72 and 6012.
36
What is the greatest common divisor of 126 and 108?
18
What is the greatest common factor of 45 and 2097?
9
What is the highest common factor of 12 and 324?
12
What is the greatest common divisor of 611 and 47?
47
What is the greatest common factor of 1020 and 195?
15
What is the greatest common divisor of 140 and 6020?
140
Calculate the greatest common divisor of 117 and 144.
9
What is the greatest common divisor of 126 and 162?
18
What is the highest common factor of 42 and 96?
6
Calculate the greatest common divisor of 516 and 12.
12
What is the greatest common divisor of 4769 and 38?
19
What is the highest common divisor of 708 and 1947?
177
Calculate the greatest common divisor of 1192 and 8.
8
Calculate the highest common factor of 120 and 5580.
60
What is the highest common divisor of 464 and 28?
4
Calculate the greatest common divisor of 218 and 2.
2
What is the greatest common divisor of 2219 and 7?
7
What is the greatest common divisor of 70 and 610?
10
Calculate the highest common factor of 67756 and 104.
52
What is the highest common divisor of 225 and 150?
75
What is the greatest common factor of 83 and 2075?
83
Calculate the greatest common factor of 8 and 184.
8
Calculate the highest common divisor of 21 and 2.
1
What is the greatest common factor of 391 and 92?
23
What is the greatest common divisor of 741 and 2166?
57
Calculate the highest common divisor of 234 and 390.
78
What is the highest common divisor of 3344 and 858?
22
What is the highest common factor of 1242 and 126?
18
Calculate the highest common divisor of 870 and 30.
30
Calculate the highest common divisor of 703 and 57.
19
Calculate the highest common factor of 854 and 126.
14
What is the greatest common divisor of 3097 and 323?
19
Calculate the highest common factor of 261 and 81.
9
What is the highest common divisor of 1593 and 675?
27
Calculate the greatest common factor of 36 and 315.
9
Calculate the greatest common factor of 3770 and 208.
26
What is the greatest common factor of 126 and 1071?
63
Calculate the highest common factor of 4124 and 8.
4
Calculate the greatest common factor of 399 and 912.
57
What is the greatest common divisor of 24 and 324?
12
What is the greatest common factor of 114 and 222?
6
Calculate the highest common factor of 51 and 9.
3
Calculate the highest common divisor of 427 and 244.
61
What is the greatest common factor of 1843 and 194?
97
Calculate the highest common factor of 640 and 1664.
128
Calculate the highest common factor of 31 and 44.
1
What is the highest common factor of 40476 and 12?
12
Calculate the greatest common divisor of 340 and 180.
20
Calculate the greatest common divisor of 42 and 24.
6
What is the highest common factor of 10 and 730?
10
What is the greatest common divisor of 68 and 68?
68
Calculate the greatest common divisor of 369 and 779.
41
Calculate the greatest common factor of 26 and 624.
26
Calculate the greatest common factor of 62 and 5301.
31
What is the highest common divisor of 15515 and 580?
145
What is the greatest common factor of 16640 and 325?
65
Calculate the greatest common divisor of 7984 and 144.
16
What is the greatest common factor of 138 and 736?
46
Calculate the highest common divisor of 18 and 45.
9
Calculate the greatest common divisor of 117 and 1248.
39
Calculate the greatest common divisor of 328 and 902.
82
Calculate the highest common divisor of 11256 and 24.
24
What is the highest common factor of 153 and 1428?
51
Calculate the greatest common divisor of 30 and 4005.
15
What is the highest common factor of 364 and 3094?
182
Calculate the greatest common factor of 14 and 203.
7
What is the greatest common divisor of 821 and 5?
1
Calculate the highest common divisor of 1870 and 1360.
170
Calculate the highest common divisor of 11 and 297.
11
What is the greatest common divisor of 962 and 3552?
74
Calculate the highest common divisor of 6 and 32.
2
Calculate the greatest common divisor of 74 and 1295.
37
Calculate the highest common factor of 69 and 92.
23
Calculate the greatest common factor of 629 and 187.
17
What is the highest common factor of 15 and 375?
15
What is the highest common divisor of 1190 and 70?
70
What is the greatest common factor of 252 and 1932?
84
Calculate the greatest common factor of 17 and 969.
17
What is the highest common divisor of 4293 and 81?
81
What is the greatest common factor of 72 and 756?
36
What is the greatest common divisor of 300 and 3750?
150
What is the highest common divisor of 24 and 68?
4
What is the greatest common divisor of 19 and 31369?
19
Calculate the highest common factor of 48 and 2832.
48
What is the greatest common divisor of 31526 and 44?
22
What is the highest common divisor of 10 and 5?
5
Calculate the greatest common divisor of 702 and 7344.
54
Calculate the highest common factor of 312 and 26364.
156
What is the highest common divisor of 10 and 430?
10
What is the greatest common factor of 46 and 4186?
46
Calculate the greatest common factor of 895 and 358.
179
Calculate the highest common divisor of 99 and 1243.
11
Calculate the highest common divisor of 67 and 67.
67
What is the greatest common divisor of 455 and 21?
7
What is the highest common factor of 768 and 1056?
96
Calculate the highest common factor of 170 and 14348.
34
Calculate the highest common divisor of 336 and 756.
84
What is the highest common factor of 42 and 111?
3
What is the greatest common divisor of 1254 and 19?
19
What is the highest common